pose 0 = 2*m + 5*l - 1, -4*m - 4*l + 35 = 63. Let w(b) = -6 + 0*b**2 + 12*b + b**2 - 7. What is w(m)?
-13
Suppose 2*y + 3*s = 48, 0 = 4*y - 6*s + 5*s - 110. Let d(i) = 1 - 11*i**2 + 27*i - y*i. Calculate d(1).
-10
Let m(s) = -55*s + 331. Let p be m(6). Let d(w) = -41*w + 3. Determine d(p).
-38
Suppose 0 = 261*p - 263*p - 8. Let i(b) = -b**3 - b + 1. Let c(q) = 3*q**3 + 5*q**2 - q. Let h(u) = p*i(u) - c(u). Suppose -5*n + 8 = -3*n. What is h(n)?
0
Let t(b) be the third derivative of b**5/60 - b**4/24 + 4*b**2. Let m = -7154 - -7153. Determine t(m).
2
Let m(q) = 4 + 11 - 31*q - 27*q + 5*q**2 - 12*q - 26*q. Give m(19).
-4
Let b(w) be the third derivative of 7*w**4/24 - 53*w**3/6 - 7*w**2 + 8. Give b(8).
3
Let b be ((-20)/25)/((-8)/90). Let i(o) = -o**3 + 12*o**2 - 25*o - 22. Determine i(b).
-4
Let q(f) be the second derivative of -9*f + 4 - 1/6*f**3 + 2*f**2. What is q(-4)?
8
Suppose -3*i + 3*v + 6 = 4*v, 2*i - 2*v - 4 = 0. Suppose d - 3 = -2, -2*d = -i*n - 8. Let b(q) = 4*q**2 - 3*q - 3. Determine b(n).
42
Let b(f) be the second derivative of f**5/30 - 5*f**4/24 - f**3/2 - 27*f**2/2 - 3*f - 4. Let k(j) be the first derivative of b(j). Give k(5).
22
Let j(w) be the third derivative of 13*w**4/24 - 25*w**3/6 - 3*w**2 + 23*w + 2. What is j(5)?
40
Let s be 1320/(-95) - (7 - 3 - 148/38). Let q(p) = -p**2 - 12*p - 8. Give q(s).
-36
Suppose i - 2 = -i. Let x(q) = 85*q - 6. Let l(w) = -15*w + 1. Let h(p) = 11*l(p) + 2*x(p). Give h(i).
4
Let z be 9/6*1*14/7. Let g(y) = -11*y - 3*y - z*y + 15*y + 20. Give g(14).
-8
Let n = -3308 + 3312. Let f(s) be the third derivative of 0*s - 1/12*s**4 - 1/3*s**3 + n*s**2 + 0. Give f(-2).
2
Let t(c) = -5*c + 0 - 1 - c**3 + 6*c**2 + 7. Let f = 874 - 869. What is t(f)?
6
Let c(t) = -2*t - 131. Let o(j) = 59. Let d(w) = -2*c(w) - 5*o(w). Determine d(5).
-13
Let m(b) be the second derivative of -b**3/2 + 2*b**2 - 151*b - 4. Suppose -3*i + 28 = -3*k + 8*k, 0 = 3*i - 3. What is m(k)?
-11
Let s(g) = g**3 + 5. Let t = 117 + -29. Suppose -3*q - 19 = -t. Suppose -27*r + q*r = 0. Determine s(r).
5
Let r(s) be the first derivative of -s**4/4 + 7*s**3/3 + 3*s**2 + 11*s - 188. Suppose 31 = 3*m + 7. Calculate r(m).
-5
Suppose 316 = 101*b + 652 + 1381. Let w(u) = 18*u + 288. Give w(b).
-18
Let x(w) be the third derivative of 7*w + 0 - 7/24*w**4 + 2*w**2 - 1/2*w**3 - 1/60*w**5. Calculate x(-7).
-3
Let v(r) be the second derivative of -13*r**3/2 + r. Let t be ((-4 - 35)/156)/(7/(-4) - -2). What is v(t)?
39
Let n(b) = b**3 + 4*b**2 - 3*b - 1. Let f(v) = 5*v - 25. Suppose -7 + 12 = t. Let j be f(t). Suppose -5*z + 16 - 36 = j. Give n(z).
11
Suppose -2*s + s + 3 = 0. Suppose -3*f - s*k = -k - 74, -3*f + 46 = -5*k. Let v(h) = 6*h - f*h + 3 - 4. Calculate v(-1).
15
Let n(v) = -v**3 - 6*v**2 + 6*v - 11. Let m(h) = -h**2 + 43*h - 314. Let j be m(34). Determine n(j).
69
Let y(u) = -u**2 + u + 5. Let x(z) = -27*z**2 - 9*z**2 + 448*z**3 - 446*z**3 + 34*z. Let c be x(17). Give y(c).
5
Let b(p) = 8*p + 16. Let u be 1/(-6) + 3475/834. Determine b(u).
48
Let t(o) = -6*o**2 - o. Let y be t(1). Let z(a) = 11*a**2 - 54*a - 8. Let s(j) = 32*j**2 - 156*j - 24. Let k(w) = -10*s(w) + 29*z(w). What is k(y)?
1
Let m(n) be the second derivative of -n**3/6 - 5*n**2/2 + 141*n + 1. Determine m(-6).
1
Suppose 4*m + 4*i + 20 = 5*i, -3*m - 8 = i. Let w(j) = -371*j**2 - 5*j - 12. Let y(z) = 135*z**2 + 2*z + 4. Let o(h) = 4*w(h) + 11*y(h). What is o(m)?
4
Let h(x) = -5*x - 8689*x**3 - 5*x**2 + 8*x + 8688*x**3 - 2. Let q = -11 - -6. Determine h(q).
-17
Let s(n) be the first derivative of 19 - 4*n - 5/2*n**2. What is s(-2)?
6
Let d(z) = -75*z + 2469. Let h be d(33). Let o(w) = 2*w**3 + 13*w**2 + 4*w. Determine o(h).
12
Let w(d) = 6*d**2 - 11*d - 1. Let b = 499 - 497. Let a be w(b). Let u(f) = 51*f. Determine u(a).
51
Let b(j) = j**2 + 9*j - 22. Let l = 2043 + -2054. What is b(l)?
0
Let z be (-12)/(-3) + 5*(2 + -1). Let a(p) = -34*p + 17. Let q(u) = -8*u + 4. Let k(m) = z*q(m) - 2*a(m). Let i = -5 + 7. Determine k(i).
-6
Let k(y) = 2*y**2 - 139 - 105*y - 138 + 120*y + 428 - 145. Give k(4).
98
Let m(b) be the first derivative of 30 - 7*b + 1/12*b**4 + 1/2*b**3 + 0*b**2. Let l(z) be the first derivative of m(z). What is l(-3)?
0
Let s(d) = -d**2 - 12*d - 10. Let t(f) = 10*f - 28. Let z be t(4). Suppose -z*g + 9*g = 21. Calculate s(g).
25
Let b = 264 - 262. Let k(f) = -22*f + 10*f + 2*f - f**b + 11. Determine k(-11).
0
Let b(u) = -9*u - 10. Let p(z) = 9*z + 11. Let c(l) = -2*b(l) - 3*p(l). Let j = -4 + 30. Let v(s) = 2*s + 3. Let a(x) = j*v(x) + 6*c(x). Determine a(-2).
4
Suppose -169*u + 629 + 554 = 0. Let b(q) = -7*q - q**2 + 1 - 2*q**2 + 4*q**2. Let v be b(u). Let m(n) = 11*n**3 + 2*n**2 - 1. Determine m(v).
12
Let y = -445 - -450. Let t(s) = -s**2 + 11*s + 12*s - 2 - 20*s + 1. Calculate t(y).
-11
Let k be (-2)/(-5) - (11 - (-378)/(-30)). Let v(m) = 1130*m + 2 + 1138*m - 2276*m + m**k. What is v(4)?
-14
Let d(g) be the second derivative of g**5/20 - 19*g**4/12 - 23*g**3/6 + 28*g**2 + 119*g. Let o be d(20). Let k(w) = w - 2. Calculate k(o).
-6
Let d(z) = -6*z**3 - 27*z**2 - 8*z + 3. Let f(c) = 7*c**3 + 33*c**2 + 9*c - 3. Let o(m) = -6*d(m) - 5*f(m). Let q be (-3 + 0)*(-4)/6. Calculate o(q).
-1
Let w(c) = -19*c**2 - 3*c - 4. Let h be (6/18)/(1/(-3)). Determine w(h).
-20
Let u = 11 - 8. Let r(a) = -83831*a**2 - 83827*a**2 - 3 + 167657*a**2 + 7*a. What is r(u)?
9
Let k(b) = -b**3 - 32*b**2 - 43*b - 1366. Let c be k(-32). Let p(r) = -2*r**3 + 21*r**2 - 9*r + 7. Calculate p(c).
17
Let l(v) = -3*v**2 + 463*v + 1907. Let q be l(-4). Let z(b) = b**3 - 5*b**2 - 16*b - 7. What is z(q)?
-21
Suppose -9*t - h = -8*t - 2, -3*t + 4*h - 29 = 0. Let q(j) = -2*j**2 - 3*j + 3. Let p(y) = -y**2 - y + 2. Let n(m) = -5*p(m) + 3*q(m). Determine n(t).
2
Let r(s) = 3*s - 4. Let w(p) be the third derivative of 5*p**4/8 - 10*p**3/3 - 27*p**2. Let a(m) = 22*r(m) - 4*w(m). Give a(6).
28
Let p(u) = 23*u**3 + 102*u**2 - 14*u + 162. Let m(b) = -6*b**3 - 26*b**2 + 4*b - 41. Let l(w) = 19*m(w) + 5*p(w). Calculate l(-16).
-65
Let q(u) be the first derivative of -u**4/4 + 2*u**3 - u**2 + 5*u + 15. Let h be -1*(-27)/(-3)*-1. Let r = h - 3. Determine q(r).
-7
Let v(r) = 2*r**3 - 8*r**2 + 8*r + 25. Let x be v(8). Let p = x - 602. Let t(u) = 5*u**3 + u**2 - u - 1. What is t(p)?
-4
Let x(k) be the second derivative of 1/12*k**4 - 1/360*k**6 + 19*k + 0 + 0*k**2 - 17/6*k**3 + 1/60*k**5. Let d(s) be the second derivative of x(s). Give d(3).
-1
Let n = 146 - 147. Let j(w) be the second derivative of 0 + 7/6*w**3 - w - 1/2*w**2. Give j(n).
-8
Let l be 2/6 + (-1)/6*-28. Let h(s) = 7*s + 7. Let m(x) = -8*x - 9. Suppose 36 - 16 = 5*i. Let w(q) = i*h(q) + 3*m(q). Determine w(l).
21
Let v be -2 + 3*(-2)/3. Suppose -2*g = -4*w + 16, -2 = -5*g + 6*g. Let t(b) = -w*b + 12*b - 4*b + 0 - 4*b + 2. What is t(v)?
-2
Let h(j) = -5*j - 1. Let s be h(1). Let a(o) be the first derivative of -2*o**2 - 3*o + 2751. What is a(s)?
21
Let c(p) = p**3 + 5*p**2 - 6*p - 12. Let d be c(-6). Let n(o) = -82*o**2 + 14*o**2 + 57*o**2 - o**3 + 12*o. Determine n(d).
0
Let z = 1994 + -1990. Let i(f) = f**2 - 11*f + 7. Give i(z).
-21
Let u(r) = 360 + r**3 + 11*r**2 + 379 - 15*r - 751. Determine u(-12).
24
Let g(z) = 15*z**3 - 26*z**2 + 18*z - 18. Let n(w) = -26*w**3 + 50*w**2 - 36*w + 35. Let l(c) = -7*g(c) - 4*n(c). Calculate l(-19).
5
Suppose -1362 = 12*o - 1386. Let h(m) = -m**3 + 2*m**2 - 2*m + 3. Determine h(o).
-1
Let j(m) be the second derivative of -7/6*m**3 + 26*m + 1/3*m**4 - 25/2*m**2 - 1/60*m**5 + 0. Let u(p) be the first derivative of j(p). Determine u(6).
5
Let g(x) = -5*x + 12 - 56 + 20 + 4*x + 17. Calculate g(5).
-12
Let l(n) be the first derivative of 1/3*n**3 - 3/2*n**2 + n + 4. Suppose 15*v - 11*v = 16. Give l(v).
5
Let m(p) = 5*p + 9. Let z(k) = 34 + 26*k + 12 + k. Let o(q) = 11*m(q) - 2*z(q). Determine o(-5).
2
Let q(s) = -2*s**2 + 4 - s - 3 - 2. Let g be 33/6 - (-442)/(-68). Give q(g).
-2
Let g(c) = -3*c**2 + 9*c + 6. Let d(l) = -23 + 10*l**2 - 36*l + 0*l**2 + 6*l**2 - 3*l**2. Let y(m) = 2*d(m) + 9*g(m). What is y(7)?
22
Let m(t) = 5*t - 7. Let j = 248 + -243. Let i(x) = -4*x + 7. Let l(k) = j*m(k) + 6*i(k). Determine l(0).
7
Let s(v) = 6*v + 4. Let h be (2/4)/(1/(-2)). Let q be s(h). Let u(p) = p**3 + 3*p**2 + 2*p. Determine